e first derivative of 6*u**2 + 4*u + 33. Let y(o) = -8*o - 3. Let h(d) = 5*n(d) + 8*y(d). Calculate h(-3).
8
Let v(q) = -13*q - 20. Let k(z) = -7*z - 10. Let p(r) = -11*k(r) + 6*v(r). What is p(-8)?
-2
Let k be (-1)/(-3) + (-11)/(132/(-80)). Let v(w) = 6*w + 0 - w - 3 - k*w. Determine v(-3).
3
Let r(q) be the third derivative of 8*q**2 + 1/6*q**3 + 0 + 0*q**4 + 0*q - 1/60*q**5 - 7/120*q**6. Calculate r(-1).
7
Let q(p) = -3*p - 1. Let i be -1 + -10 + (-2)/2. Let h be (-6)/i*(0 - -18). Suppose 7 - h = s. What is q(s)?
5
Suppose -9*z + 10*z = 4. Suppose -19 = 4*y + z*w - 9*w, -31 = 5*y + w. Let r(a) = a**2 + 5*a - 1. Calculate r(y).
5
Suppose x + 6*d = 3*d - 9, 2*x + 3*d + 9 = 0. Let c(m) = -m - 6. Calculate c(x).
-6
Let s(k) = -k**2 - k - 1. Let x(a) = 6*a**2 + 5*a + 49. Let z(r) = 5*s(r) + x(r). Calculate z(0).
44
Let a(o) be the first derivative of 5*o**4/2 + 2*o**3/3 - o + 818. Let s be 2*2/(-4)*-1. Give a(s).
11
Let b(s) be the first derivative of 2*s**3 - 1/4*s**4 + 28 - 2*s + 4*s**2. Determine b(7).
5
Let n(u) = 10*u - 2*u - 18 - 4*u**2 + 3*u**2 + 21. What is n(8)?
3
Let l be 37/(-4) - 9/(-36). Let b(j) = 59 + j - 59. Determine b(l).
-9
Let x(p) = -2*p - 2. Let s(y) = -y. Let a(w) = -s(w) - x(w). Suppose 2 = -3*m + 5*q - 12, 0 = 2*q - 8. What is a(m)?
8
Let p(u) be the first derivative of -u**3/3 + 11*u**2/2 + u - 66. What is p(5)?
31
Let t(n) = -n**3 + 1. Let y(h) = 7*h**3 + 7*h**2 + 4*h - 7. Let g(s) = 6*t(s) + y(s). Determine g(-5).
29
Let x = 4 + 1. Suppose 11 = -x*d - 4*a, 5*a + 11 - 25 = 3*d. Let j(p) be the first derivative of -p**4/4 - 2*p**3/3 + p**2 - 2*p - 2. Give j(d).
1
Let a(k) = k + 2. Let q be a(0). Let u(f) = -f**2 - 2*f**q + 7*f + 0 - 5 + 4*f**2. Let c(v) = -v**3 - 9*v**2 + 58. Let o be c(-8). What is u(o)?
-11
Let h(y) = 3*y**2 - 2. Let s(f) = 13*f**2 - f - 8. Let t(z) = 9*h(z) - 2*s(z). Give t(-5).
13
Let q(o) be the second derivative of o**3/6 + 99*o. Give q(-5).
-5
Suppose 5*u + 16 = -2*n, 0 = 3*n - 6*u + 3*u - 18. Let a(t) = -4*t + 5*t - 3*t + n + 4*t. What is a(-6)?
-10
Let m(b) = -22*b - 18. Let k(v) = -7*v - 1. Let x(c) = -3*k(c) + m(c). Give x(-8).
-7
Let t(d) = -d**2 - 15*d + 5. Let m be t(-15). Suppose 0*k - 25 = -m*k. Let u(r) = r - 1 - 2*r**2 - k + 2 - r**3. What is u(-3)?
2
Let f(y) = 10*y + 4. Let a(z) = -z**3 - 8*z**2 - 9*z + 16. Let k be a(-6). What is f(k)?
-16
Suppose 4*x = -x - 2*z - 9, 0 = -x - 4*z - 9. Let k be (-4)/(x + 5) - -1*1. Let y(d) = -d - 11. Give y(k).
-11
Suppose 2*q + l = -4*l + 40, 52 = 4*q + 3*l. Suppose -3*x + m + q = -1, 3*x = 3*m + 21. Let c(w) = -8*w**2 + 0*w**3 + 6*w**2 + 3*w**3 - 2. Give c(x).
14
Let f(b) = 3*b + 21. Suppose 0 = -2*l + 288 - 306. Determine f(l).
-6
Let z(n) = 5*n**2 - 8*n - 12. Let t(k) = -4*k**2 + 8*k + 11. Let h(u) = -4*t(u) - 3*z(u). Let v = 11640 + -11631. Give h(v).
1
Let n(u) = 11*u + 17. Let j(w) = 15*w + 17. Let q(g) = -2*j(g) + 3*n(g). Give q(-8).
-7
Suppose h = -5*b - 0*h, -b - 5*h = 0. Let o(z) = -z**3 - 9*z**2 + 16*z + 4. Let u be o(-11). Let n(w) = w**3 + 151 - u - 72 - w. Calculate n(b).
9
Let f(t) be the third derivative of -t**5/120 - t**4/6 - t**3/3 + 7*t**2. Let b(p) be the first derivative of f(p). Suppose -5 = 4*h - 3*h. Give b(h).
1
Let m be (4 + -2)*(3 - (-99)/(-6)). Let q(r) = -r - 17. Determine q(m).
10
Let t(q) = 1 - 2*q + 0*q + 3*q + 144*q**2 - 145*q**2 - 7*q**3. Let h be (0/1 + -1)*1. What is t(h)?
6
Suppose 25*y - 63 + 163 = 0. Let k(c) = -c + 4. What is k(y)?
8
Let q(o) = -4*o + o - 17 + 4*o. Suppose 0 = r - 0*r, 4*t = -r + 40. Give q(t).
-7
Let v(o) be the second derivative of o**5/20 - o**4/2 + o**3 - 3*o**2 - o. Suppose 7*b - 165 = 4*b. Suppose -12*n + b + 5 = 0. Calculate v(n).
-1
Suppose -2*f - 13 = -7. Let p(r) = r**2 + 7*r + 9. Give p(f).
-3
Let d = -16 - -22. Suppose -4*b + 15 = z, -2*z - d = -5*b + z. Let n(y) be the second derivative of y**3/6 - y**2 + 2*y. Give n(b).
1
Let f be -2 - 8/(4 + -6). Let d(b) = -12*b + 2*b + f*b + 5*b. Calculate d(5).
-15
Let n(x) be the second derivative of -x**3/6 + 5*x**2/2 + 79*x. Determine n(5).
0
Let s be (-3 + -4)*(-2 - -3). Let o be 120/(-70)*s/2. Let z(c) = -6*c + 17*c + 8 - 13*c. What is z(o)?
-4
Let o(k) be the first derivative of k**2 + 34*k - 222. What is o(-15)?
4
Suppose -h - 5 = -j + 3, 2*h = -5*j + 54. Let x(n) = n**3 - 10*n**2 + n - 8. Calculate x(j).
2
Let y(f) be the third derivative of -f**5/60 + f**4/12 - f**3/6 - 116*f**2 + 1. Give y(3).
-4
Let k(u) = -u**2 + u + 1. Let o(c) = -3*c - 7 + 2 + 7*c - 2*c + 7*c**2. Let v(w) = 6*k(w) + o(w). What is v(-6)?
-11
Suppose -2 - 15 = 2*a + 5*p, -2*p + 4 = -a. Let n(h) = -5*h - 7. Let s(t) = t. Let w(x) = -n(x) - 4*s(x). Give w(a).
1
Let o(d) = 11*d**2 + 2*d - 1. Suppose -y = 1 - 7. Suppose 4*a - 4 = 0, -g + 2*a = y*a - 5. Calculate o(g).
12
Suppose -2*h + 30 = 3*h. Let w = h - 3. Let m(k) = 3*k**w + 3 - 1 - 2*k**2 - 1. What is m(-1)?
-4
Suppose 0 = 8*j - 3*j. Suppose j = 4*r - 4 + 12. Let f(q) = q**3 + 2*q**2 - 2*q - 3. Give f(r).
1
Let d be 0/(((-1)/(-2))/(7/(-42))). Let j(a) be the second derivative of -1/12*a**4 - a**2 - 2*a + d + 2/3*a**3. Determine j(3).
1
Let q(y) = -8*y + 5 + y**2 - 9*y + 8*y. Let r be q(9). Suppose 5 = 3*m + r*h, -m + 5*h - 14 = 11. Let l(d) = -d**2 - 5*d. Give l(m).
0
Let a(s) = 4 - 2*s + 12 - 11 + 3*s**2 - s**3 + 4*s**2. Calculate a(6).
29
Let d(t) = 23*t + 28. Let f(n) = 9*n + 14. Let c(h) = -2*d(h) + 5*f(h). Give c(8).
6
Let m(f) = -11 + 18*f**3 - 183*f**2 - 6*f + 176*f**2 - 17*f**3. Let o = 2 + 6. What is m(o)?
5
Let z(t) = -t**3 + 5*t**2 + 7*t - 4. Let h be z(6). Let i(u) = 13 + u + 13 - 6 + u**h. Calculate i(0).
20
Let p(t) be the second derivative of t**5/20 + t**4/6 - t**3/6 - t**2 + 2*t. Suppose 3*c = -4*m - 46, -6*m + 2*m - 82 = 5*c. Let o = -21 - c. Calculate p(o).
-8
Let t(g) be the second derivative of -g**5/20 - g**4/2 - g**3/3 + 7*g**2/2 + 10*g - 1. Calculate t(-5).
-8
Let k(x) be the third derivative of -x**4/24 - x**3/2 + 142*x**2 - 2*x. Determine k(-12).
9
Suppose 1 = -2*h - 67. Let u = h - -29. Let m(d) = -d - 10. Give m(u).
-5
Suppose -215 - 289 = 63*j. Let l(o) = -2*o + 6. What is l(j)?
22
Let j = -15 - -17. Let y be 4 + (-8 - j - -2). Let f(x) = 4 + 17*x - 6 + 3 - 15*x. Calculate f(y).
-7
Let h(b) = b**2 + 36*b - 30*b + 1 - 7. Let k(s) = -s**2 + 7*s - 7. Let w be k(7). Give h(w).
1
Suppose 35 = -5*n + 10, 0 = -5*i - 5*n - 50. Let f(b) = 2*b**2 - 5*b - 1. Let r(k) = -3*k**2 + 5*k + 1. Let c(y) = 4*f(y) + 3*r(y). Calculate c(i).
-1
Let r = -4 + 8. Let j(k) = -4*k**2 - r + 7*k**2 + 4 - 1. Calculate j(-2).
11
Let d(w) = 10*w + 1. Let a = -8 - -10. Determine d(a).
21
Let o(c) = -2*c**3 + 16*c**2 - 15*c - 6. Let s be o(6). Suppose -49*h + 6 = -s*h. Let w(j) be the third derivative of j**4/24 + j**3/6 + j**2. Determine w(h).
7
Let v = 3 + 5. Suppose -p + 3*p = v. Suppose p*c + 8 = -12, 0 = 4*t - 3*c - 43. Let z(r) = r**2 - 8*r + 10. Give z(t).
3
Let m(i) = i**2 - 5*i. Let v = -166 - -170. Give m(v).
-4
Let n(g) be the third derivative of g**6/120 - g**4/24 + g**3 - 794*g**2 + 2*g. Let b = 0 - 0. Calculate n(b).
6
Let a(r) be the second derivative of -r**4/12 - r**3/2 + 5*r**2/2 - 67*r. Determine a(5).
-35
Let g(p) = p**2 - p + 1. Let z(x) = -7*x**2 + 5*x - 11. Let o(l) = -2*l + 17. Let s be o(9). Let c(h) = s*z(h) - 6*g(h). What is c(0)?
5
Let u(r) = -r**3 - 7*r**2 + 10*r + 8. Suppose -3*l = -0*l + 2*v + 34, -2*l - 4*v - 36 = 0. What is u(l)?
-8
Let t(s) = s**2 + 3*s - 2. Let w be t(-6). Let x be (w/56)/((-2)/(-14)). Let g(l) = -7*l - 4*l**x + 5*l**2 + 1 - 3. Determine g(7).
-2
Let v(l) = -l**3 + 14*l**2 + 14*l + 19. Let t be (13 + (-295)/25)/((-4)/(-50)). Calculate v(t).
4
Let p(o) be the second derivative of -o**5/60 + 3*o**4/8 + o**3/2 + 19*o**2/2 - 3*o. Let k(b) be the first derivative of p(b). Determine k(10).
-7
Let n(z) = 16*z - 134*z**2 + 406*z**2 - 138*z**2 - 20 - 135*z**2. What is n(14)?
8
Let q be 2/4 - -6*(-5)/(-20). Let r(b) = -b - 1 - 4*b**3 + q*b - 4*b**3 - 4*b**3. Calculate r(1).
-12
Let q(g) = g - 5. Let h be ((-481)/(-333))/(2/18). Determine q(h).
8
Let h be 3/1*2/3. Let u(l) = -2*l**2 - 4. Let g(k) = 3 + 3 + 3 - 2 + 3*k**2. Let w(t) = -3*g(t) - 5*u(t). Give w(h).
3
Let c(y) be the third derivative of 5*y**4/24 + y**3/3 + 3*y**2 - 3. What is c(2)?
12
Let p(k) = -2*k - 30. 